{"id":4184,"date":"2024-04-10T09:48:16","date_gmt":"2024-04-10T07:48:16","guid":{"rendered":"https:\/\/dotlacknih.sk\/?post_type=product&#038;p=4184"},"modified":"2026-03-30T13:50:29","modified_gmt":"2026-03-30T11:50:29","slug":"limitka-h-d-carlton-haunting-adeline-oriezkova-verzia","status":"publish","type":"product","link":"https:\/\/dotlacknih.sk\/index.php\/produkt\/limitka-h-d-carlton-haunting-adeline-oriezkova-verzia\/","title":{"rendered":"Limitka H.D.Carlton: Haunting Adeline (1.diel), oriezkov\u00e1 verzia"},"content":{"rendered":"<p><strong>PREDOBJEDN\u00c1VKA!!! D\u00e1tum dodania : 6.9.2024. Posielame po naskladnen\u00ed <\/strong><br \/>\nVERZIA S ORIEZKOVU (KVETY A MA\u010cKA A MY\u0160), PREDS\u00c1DKAMI a STRIEBORNOU RAZBOU NA OB\u00c1LKE A NA v\u00e4zbe.<br \/>\nLimitovan\u00fd po\u010det kusov.<\/p>\n<p>po\u010det str\u00e1n: 512 (matn\u00fd povrch ob\u00e1lky, pevn\u00e1 v\u00e4zba, n\u00e1pis so striebornou f\u00f3liou, preds\u00e1dky s grafikou)<br \/>\n1.diel duol\u00f3gie, kontroverzn\u00fd bestseller, ktor\u00fd obletel svet a rozdelil svojich \u010ditate\u013eov na dve skupiny.<br \/>\nSLOVENSK\u00dd JAZYK<\/p>\n<p>Manipul\u00e1torka<\/p>\n<p>Dok\u00e1\u017eem manipulova\u0165 s em\u00f3ciami ka\u017ed\u00e9ho, kto mi to dovol\u00ed. Ran\u00edm \u0165a, rozpla\u010dem, rozosmejem a bude\u0161 kv\u00f4li mne aj vzdycha\u0165. Na neho v\u0161ak moje slov\u00e1 nep\u00f4sobia. Najm\u00e4 nie vtedy, ke\u010f ho pros\u00edm, aby odi\u0161iel.<br \/>\nV\u017edy je tam, pozoruje a \u010dak\u00e1.<br \/>\nA ja nedok\u00e1\u017eem odvr\u00e1ti\u0165 zrak.<br \/>\nChcem, aby pri\u0161iel bli\u017e\u0161ie.<\/p>\n<p>Tie\u0148<\/p>\n<p>Nechcel som sa zamilova\u0165. Ale stalo sa a teraz sa u\u017e nedok\u00e1\u017eem dr\u017ea\u0165 bokom. Som o\u010daren\u00fd jej \u00fasmevom, jej o\u010dami a t\u00fdm, ako sa pohybuje.<br \/>\nSp\u00f4sobom, ak\u00fdm sa vyzlieka&#8230;<br \/>\nBudem ju sledova\u0165 a \u010daka\u0165, k\u00fdm ju nebudem m\u00f4c\u0165 urobi\u0165 svojou.<br \/>\nA ke\u010f sa to stane, u\u017e ju nikdy nepust\u00edm.<br \/>\nAni ke\u010f ma o to bude prosi\u0165.<\/p>\n<p>Varovanie: kniha obsahuje citliv\u00e9 t\u00e9my:<br \/>\nnon\/dub con medzi hlavn\u00fdmi postavami (pochybn\u00fd, neist\u00fd s\u00fahlas k sexu\u00e1lnemu aktu), grafick\u00e9 n\u00e1silie, obchodovanie s \u013eu\u010fmi, prenasledovanie, obchod s de\u0165mi, obetovanie, zmienky o smrti die\u0165a\u0165a a explicitn\u00e9 sexu\u00e1lne situ\u00e1cie. Objavuj\u00fa sa tu aj r\u00f4zne sexu\u00e1lne \u00fachylky ako hra so zbra\u0148ou, somnof\u00edlia (masturb\u00e1cia nad spiacou osobou), bondage a poni\u017eovanie. <\/p>\n<div class='qrcode'><img   src='https:\/\/api.qrserver.com\/v1\/create-qr-code\/?size=185x185&ecc=L&qzone=1&data=https%3A%2F%2Fdotlacknih.sk%2Findex.php%2Fprodukt%2Flimitka-h-d-carlton-haunting-adeline-oriezkova-verzia%2F' alt='Limitka H.D.Carlton: Haunting Adeline (1.diel), oriezkov\u00e1 verzia' \/><\/div>","protected":false},"excerpt":{"rendered":"<p>PREDOBJEDN\u00c1VKA!!! D\u00e1tum dodania : 6.9.2024. Posielame po naskladnen\u00ed VERZIA S ORIEZKOVU (KVETY A MA\u010cKA A MY\u0160), PREDS\u00c1DKAMI a STRIEBORNOU RAZBOU NA OB\u00c1LKE A NA v\u00e4zbe. Limitovan\u00fd po\u010det kusov. po\u010det str\u00e1n: 512 (matn\u00fd povrch ob\u00e1lky, pevn\u00e1 v\u00e4zba, n\u00e1pis so striebornou f\u00f3liou, preds\u00e1dky s grafikou) 1.diel duol\u00f3gie, kontroverzn\u00fd bestseller, ktor\u00fd obletel svet a rozdelil svojich \u010ditate\u013eov na dve skupiny. SLOVENSK\u00dd JAZYK Manipul\u00e1torka Dok\u00e1\u017eem manipulova\u0165 s em\u00f3ciami ka\u017ed\u00e9ho, kto mi to dovol\u00ed. Ran\u00edm \u0165a, rozpla\u010dem, rozosmejem a bude\u0161 kv\u00f4li mne aj vzdycha\u0165. Na neho v\u0161ak moje slov\u00e1 nep\u00f4sobia. Najm\u00e4 nie vtedy, ke\u010f ho pros\u00edm, aby odi\u0161iel. V\u017edy je tam, pozoruje a \u010dak\u00e1. A ja nedok\u00e1\u017eem odvr\u00e1ti\u0165 zrak. Chcem, aby pri\u0161iel bli\u017e\u0161ie. Tie\u0148 Nechcel som sa zamilova\u0165. Ale stalo sa a teraz sa u\u017e nedok\u00e1\u017eem dr\u017ea\u0165 bokom. Som o\u010daren\u00fd jej \u00fasmevom, jej o\u010dami a t\u00fdm, ako sa pohybuje. Sp\u00f4sobom, ak\u00fdm sa vyzlieka&#8230; Budem ju sledova\u0165 a \u010daka\u0165, k\u00fdm ju nebudem m\u00f4c\u0165 urobi\u0165 svojou. A ke\u010f sa to stane, u\u017e ju nikdy nepust\u00edm. Ani ke\u010f ma o to bude prosi\u0165. Varovanie: kniha obsahuje citliv\u00e9 t\u00e9my: non\/dub con medzi hlavn\u00fdmi postavami (pochybn\u00fd, neist\u00fd s\u00fahlas k sexu\u00e1lnemu aktu), grafick\u00e9 n\u00e1silie, obchodovanie s \u013eu\u010fmi, prenasledovanie, obchod s de\u0165mi, obetovanie, zmienky o smrti die\u0165a\u0165a a explicitn\u00e9 sexu\u00e1lne situ\u00e1cie. Objavuj\u00fa sa tu aj r\u00f4zne sexu\u00e1lne \u00fachylky ako hra so zbra\u0148ou, somnof\u00edlia (masturb\u00e1cia nad spiacou osobou), bondage a poni\u017eovanie.<\/p>\n","protected":false},"featured_media":4185,"comment_status":"open","ping_status":"closed","template":"","meta":[],"product_brand":[],"product_cat":[154,222],"product_tag":[202,82,193,200,201,195],"class_list":{"0":"post-4184","1":"product","2":"type-product","3":"status-publish","4":"has-post-thumbnail","6":"product_cat-knihy-2","7":"product_cat-oriezkove-verzie","8":"product_tag-adeline-reilly","9":"product_tag-dark-romance","10":"product_tag-haunting-adeline","11":"product_tag-horor","12":"product_tag-thriller","13":"product_tag-zade-meadows","14":"product_shipping_class-slovenska-posta","16":"first","17":"instock","18":"taxable","19":"shipping-taxable","20":"purchasable","21":"product-type-simple"},"wooqr_code":"1631882149_1339.png","_links":{"self":[{"href":"https:\/\/dotlacknih.sk\/index.php\/wp-json\/wp\/v2\/product\/4184","targetHints":{"allow":["GET"]}}],"collection":[{"href":"https:\/\/dotlacknih.sk\/index.php\/wp-json\/wp\/v2\/product"}],"about":[{"href":"https:\/\/dotlacknih.sk\/index.php\/wp-json\/wp\/v2\/types\/product"}],"replies":[{"embeddable":true,"href":"https:\/\/dotlacknih.sk\/index.php\/wp-json\/wp\/v2\/comments?post=4184"}],"wp:featuredmedia":[{"embeddable":true,"href":"https:\/\/dotlacknih.sk\/index.php\/wp-json\/wp\/v2\/media\/4185"}],"wp:attachment":[{"href":"https:\/\/dotlacknih.sk\/index.php\/wp-json\/wp\/v2\/media?parent=4184"}],"wp:term":[{"taxonomy":"product_brand","embeddable":true,"href":"https:\/\/dotlacknih.sk\/index.php\/wp-json\/wp\/v2\/product_brand?post=4184"},{"taxonomy":"product_cat","embeddable":true,"href":"https:\/\/dotlacknih.sk\/index.php\/wp-json\/wp\/v2\/product_cat?post=4184"},{"taxonomy":"product_tag","embeddable":true,"href":"https:\/\/dotlacknih.sk\/index.php\/wp-json\/wp\/v2\/product_tag?post=4184"}],"curies":[{"name":"wp","href":"https:\/\/api.w.org\/{rel}","templated":true}]}}