{"id":3173,"date":"2023-09-26T08:22:03","date_gmt":"2023-09-26T06:22:03","guid":{"rendered":"https:\/\/dotlacknih.sk\/?post_type=product&#038;p=3173"},"modified":"2026-01-28T14:11:34","modified_gmt":"2026-01-28T13:11:34","slug":"icebreaker-hannah-grace-1","status":"publish","type":"product","link":"https:\/\/dotlacknih.sk\/index.php\/produkt\/icebreaker-hannah-grace-1\/","title":{"rendered":"Icebreaker &#8211; Hannah Grace"},"content":{"rendered":"<p>V\u00e4zba: pevn\u00e1 bez prebalu<br \/>\nPo\u010det str\u00e1n:  416<br \/>\nS\u00e9ria: Maple Hills, 1.diel<\/p>\n<p>Krasokor\u010duliarka Anastasia Allenov\u00e1 cel\u00fd \u017eivot pracovala na tom, aby sa dostala do reprezenta\u010dn\u00e9ho t\u00edmu USA. Tr\u00e9nuje od svojich piatich rokov, dost\u00e1va pln\u00e9 vysoko\u0161kolsk\u00e9 \u0161tipendium v\u010faka miestu v kor\u010duliarskom t\u00edme Maple Hills a tak\u00fd rozvrh, ktor\u00fd by rozplakal aj \u013eud\u00ed, ktor\u00ed na sebe neust\u00e1le pracuj\u00fa. Stassie prich\u00e1dza vyhra\u0165.<\/p>\n<p>Nathan Hawkins nikdy nemal probl\u00e9m, ktor\u00fd by nedok\u00e1zal vyrie\u0161i\u0165. Ako kapit\u00e1n t\u00edmu Maple Hills Titans vie, \u017ee zodpovednos\u0165 za udr\u017eanie hokejov\u00e9ho t\u00edmu na \u013eade le\u017e\u00ed na jeho pleciach.<\/p>\n<p>Ke\u010f jedno nedorozumenie sp\u00f4sob\u00ed, \u017ee sa dva t\u00edmy musia podeli\u0165 o \u013eadov\u00fa plochu a Anastasiin partner sa n\u00e1sledne zran\u00ed, Nate vymen\u00ed hokejku za obtiahnut\u00e9 oble\u010denie a pr\u00edsneho tr\u00e9nera za e\u0161te desivej\u0161iu tr\u00e9nerku.<\/p>\n<p>Obaja zis\u0165uj\u00fa, \u017ee s\u00fa k sebe prip\u00fatan\u00ed, ale ke\u010f\u017ee Anastasia nem\u00e1 hokejistov rada, tak na tom nez\u00e1le\u017e\u00ed&#8230; v\u0161ak?<\/p>\n<div class='qrcode'><img   src='https:\/\/api.qrserver.com\/v1\/create-qr-code\/?size=185x185&ecc=L&qzone=1&data=https%3A%2F%2Fdotlacknih.sk%2Findex.php%2Fprodukt%2Ficebreaker-hannah-grace-1%2F' alt='Icebreaker &#8211; Hannah Grace' \/><\/div>","protected":false},"excerpt":{"rendered":"<p>V\u00e4zba: pevn\u00e1 bez prebalu Po\u010det str\u00e1n: 416 S\u00e9ria: Maple Hills, 1.diel Krasokor\u010duliarka Anastasia Allenov\u00e1 cel\u00fd \u017eivot pracovala na tom, aby sa dostala do reprezenta\u010dn\u00e9ho t\u00edmu USA. Tr\u00e9nuje od svojich piatich rokov, dost\u00e1va pln\u00e9 vysoko\u0161kolsk\u00e9 \u0161tipendium v\u010faka miestu v kor\u010duliarskom t\u00edme Maple Hills a tak\u00fd rozvrh, ktor\u00fd by rozplakal aj \u013eud\u00ed, ktor\u00ed na sebe neust\u00e1le pracuj\u00fa. Stassie prich\u00e1dza vyhra\u0165. Nathan Hawkins nikdy nemal probl\u00e9m, ktor\u00fd by nedok\u00e1zal vyrie\u0161i\u0165. Ako kapit\u00e1n t\u00edmu Maple Hills Titans vie, \u017ee zodpovednos\u0165 za udr\u017eanie hokejov\u00e9ho t\u00edmu na \u013eade le\u017e\u00ed na jeho pleciach. Ke\u010f jedno nedorozumenie sp\u00f4sob\u00ed, \u017ee sa dva t\u00edmy musia podeli\u0165 o \u013eadov\u00fa plochu a Anastasiin partner sa n\u00e1sledne zran\u00ed, Nate vymen\u00ed hokejku za obtiahnut\u00e9 oble\u010denie a pr\u00edsneho tr\u00e9nera za e\u0161te desivej\u0161iu tr\u00e9nerku. Obaja zis\u0165uj\u00fa, \u017ee s\u00fa k sebe prip\u00fatan\u00ed, ale ke\u010f\u017ee Anastasia nem\u00e1 hokejistov rada, tak na tom nez\u00e1le\u017e\u00ed&#8230; v\u0161ak?<\/p>\n","protected":false},"featured_media":3175,"comment_status":"open","ping_status":"closed","template":"","meta":[],"product_brand":[],"product_cat":[154],"product_tag":[160,167,168,171,155,170,169,126],"class_list":{"0":"post-3173","1":"product","2":"type-product","3":"status-publish","4":"has-post-thumbnail","6":"product_cat-knihy-2","7":"product_tag-age-gap","8":"product_tag-hannah-grace","9":"product_tag-hokejista-a-korculiarka","10":"product_tag-icebreaker","11":"product_tag-romanca","12":"product_tag-seria-maple-hills","13":"product_tag-spicy","14":"product_tag-sportova-romanca","15":"product_shipping_class-slovenska-posta","17":"first","18":"instock","19":"taxable","20":"shipping-taxable","21":"purchasable","22":"product-type-simple"},"wooqr_code":"1631882149_1339.png","_links":{"self":[{"href":"https:\/\/dotlacknih.sk\/index.php\/wp-json\/wp\/v2\/product\/3173","targetHints":{"allow":["GET"]}}],"collection":[{"href":"https:\/\/dotlacknih.sk\/index.php\/wp-json\/wp\/v2\/product"}],"about":[{"href":"https:\/\/dotlacknih.sk\/index.php\/wp-json\/wp\/v2\/types\/product"}],"replies":[{"embeddable":true,"href":"https:\/\/dotlacknih.sk\/index.php\/wp-json\/wp\/v2\/comments?post=3173"}],"wp:featuredmedia":[{"embeddable":true,"href":"https:\/\/dotlacknih.sk\/index.php\/wp-json\/wp\/v2\/media\/3175"}],"wp:attachment":[{"href":"https:\/\/dotlacknih.sk\/index.php\/wp-json\/wp\/v2\/media?parent=3173"}],"wp:term":[{"taxonomy":"product_brand","embeddable":true,"href":"https:\/\/dotlacknih.sk\/index.php\/wp-json\/wp\/v2\/product_brand?post=3173"},{"taxonomy":"product_cat","embeddable":true,"href":"https:\/\/dotlacknih.sk\/index.php\/wp-json\/wp\/v2\/product_cat?post=3173"},{"taxonomy":"product_tag","embeddable":true,"href":"https:\/\/dotlacknih.sk\/index.php\/wp-json\/wp\/v2\/product_tag?post=3173"}],"curies":[{"name":"wp","href":"https:\/\/api.w.org\/{rel}","templated":true}]}}