{"id":3161,"date":"2023-09-21T09:49:45","date_gmt":"2023-09-21T07:49:45","guid":{"rendered":"https:\/\/dotlacknih.sk\/?post_type=product&#038;p=3161"},"modified":"2026-01-28T14:18:46","modified_gmt":"2026-01-28T13:18:46","slug":"birthday-girl-penelope-douglas","status":"publish","type":"product","link":"https:\/\/dotlacknih.sk\/index.php\/produkt\/birthday-girl-penelope-douglas\/","title":{"rendered":"Birthday Girl &#8211; Penelope Douglas"},"content":{"rendered":"<p>Zmena d\u00e1tumu vydania<strong> Vych\u00e1dza 24.11.2023<\/strong> zasielame po naskladnen\u00ed<br \/>\nV\u00e4zba: pevn\u00e1 bez prebalu<br \/>\nPo\u010det str\u00e1n: 416<\/p>\n<p>Jordan je dev\u00e4tn\u00e1s\u0165ro\u010dn\u00e9 diev\u010da, ktor\u00e9 poch\u00e1dza z ve\u013emi zl\u00fdch rodinn\u00fdch pomerov. D\u00e1 sa dokopy so svoj\u00edm najlep\u0161\u00edm priate\u013eom, Coleom a za\u010dn\u00fa spolu b\u00fdva\u0165. Jordan chod\u00ed na vysok\u00fa \u0161kolu, pracuje v miestnom bare a vo vz\u0165ahu je tou zodpovednou.<br \/>\nPo\u010das jej naroden\u00edn, ju Cole nevyzdvihne z pr\u00e1ce tak, ako mal. Rozhodne sa teda, \u017ee si z\u00e1jde do kina a tam naraz\u00ed na Pikea. Po pr\u00edjemne str\u00e1venom \u010dase sa ich cesty maj\u00fa roz\u00eds\u0165. \u010coskoro v\u0161ak zist\u00ed, \u017ee Pike je Coleov\u00fdm otcom.<br \/>\nCole zapr\u00ed\u010din\u00ed, \u017ee ich vyhodia z bytu a Pike im pon\u00fakne, aby sa nas\u0165ahovali do domu k nemu.<\/p>\n<p>Ako m\u00e1 Jordan vydr\u017ea\u0165 v dome so svoj\u00edm priate\u013eom a jeho otcom, ktor\u00fd je dokonal\u00fdm pr\u00edkladom mu\u017ea, ktor\u00e9ho by chcela?<\/p>\n<div class='qrcode'><img   src='https:\/\/api.qrserver.com\/v1\/create-qr-code\/?size=185x185&ecc=L&qzone=1&data=https%3A%2F%2Fdotlacknih.sk%2Findex.php%2Fprodukt%2Fbirthday-girl-penelope-douglas%2F' alt='Birthday Girl &#8211; Penelope Douglas' \/><\/div>","protected":false},"excerpt":{"rendered":"<p>Zmena d\u00e1tumu vydania Vych\u00e1dza 24.11.2023 zasielame po naskladnen\u00ed V\u00e4zba: pevn\u00e1 bez prebalu Po\u010det str\u00e1n: 416 Jordan je dev\u00e4tn\u00e1s\u0165ro\u010dn\u00e9 diev\u010da, ktor\u00e9 poch\u00e1dza z ve\u013emi zl\u00fdch rodinn\u00fdch pomerov. D\u00e1 sa dokopy so svoj\u00edm najlep\u0161\u00edm priate\u013eom, Coleom a za\u010dn\u00fa spolu b\u00fdva\u0165. Jordan chod\u00ed na vysok\u00fa \u0161kolu, pracuje v miestnom bare a vo vz\u0165ahu je tou zodpovednou. Po\u010das jej naroden\u00edn, ju Cole nevyzdvihne z pr\u00e1ce tak, ako mal. Rozhodne sa teda, \u017ee si z\u00e1jde do kina a tam naraz\u00ed na Pikea. Po pr\u00edjemne str\u00e1venom \u010dase sa ich cesty maj\u00fa roz\u00eds\u0165. \u010coskoro v\u0161ak zist\u00ed, \u017ee Pike je Coleov\u00fdm otcom. Cole zapr\u00ed\u010din\u00ed, \u017ee ich vyhodia z bytu a Pike im pon\u00fakne, aby sa nas\u0165ahovali do domu k nemu. Ako m\u00e1 Jordan vydr\u017ea\u0165 v dome so svoj\u00edm priate\u013eom a jeho otcom, ktor\u00fd je dokonal\u00fdm pr\u00edkladom mu\u017ea, ktor\u00e9ho by chcela?<\/p>\n","protected":false},"featured_media":3162,"comment_status":"open","ping_status":"closed","template":"","meta":[],"product_brand":[],"product_cat":[154],"product_tag":[160,162,163,155,161],"class_list":{"0":"post-3161","1":"product","2":"type-product","3":"status-publish","4":"has-post-thumbnail","6":"product_cat-knihy-2","7":"product_tag-age-gap","8":"product_tag-birthday-girl","9":"product_tag-penelope-douglas","10":"product_tag-romanca","11":"product_tag-vekovy-rozdiel","12":"product_shipping_class-slovenska-posta","14":"first","15":"instock","16":"taxable","17":"shipping-taxable","18":"purchasable","19":"product-type-simple"},"wooqr_code":"1631882149_1339.png","_links":{"self":[{"href":"https:\/\/dotlacknih.sk\/index.php\/wp-json\/wp\/v2\/product\/3161","targetHints":{"allow":["GET"]}}],"collection":[{"href":"https:\/\/dotlacknih.sk\/index.php\/wp-json\/wp\/v2\/product"}],"about":[{"href":"https:\/\/dotlacknih.sk\/index.php\/wp-json\/wp\/v2\/types\/product"}],"replies":[{"embeddable":true,"href":"https:\/\/dotlacknih.sk\/index.php\/wp-json\/wp\/v2\/comments?post=3161"}],"wp:featuredmedia":[{"embeddable":true,"href":"https:\/\/dotlacknih.sk\/index.php\/wp-json\/wp\/v2\/media\/3162"}],"wp:attachment":[{"href":"https:\/\/dotlacknih.sk\/index.php\/wp-json\/wp\/v2\/media?parent=3161"}],"wp:term":[{"taxonomy":"product_brand","embeddable":true,"href":"https:\/\/dotlacknih.sk\/index.php\/wp-json\/wp\/v2\/product_brand?post=3161"},{"taxonomy":"product_cat","embeddable":true,"href":"https:\/\/dotlacknih.sk\/index.php\/wp-json\/wp\/v2\/product_cat?post=3161"},{"taxonomy":"product_tag","embeddable":true,"href":"https:\/\/dotlacknih.sk\/index.php\/wp-json\/wp\/v2\/product_tag?post=3161"}],"curies":[{"name":"wp","href":"https:\/\/api.w.org\/{rel}","templated":true}]}}