{"id":2067,"date":"2022-08-25T12:33:20","date_gmt":"2022-08-25T10:33:20","guid":{"rendered":"https:\/\/dotlacknih.sk\/?post_type=product&#038;p=2067"},"modified":"2026-03-14T15:15:29","modified_gmt":"2026-03-14T14:15:29","slug":"spomienky-na-neho-colleen-hoover","status":"publish","type":"product","link":"https:\/\/dotlacknih.sk\/index.php\/produkt\/spomienky-na-neho-colleen-hoover\/","title":{"rendered":"Spomienky na neho &#8211; Colleen Hoover"},"content":{"rendered":"<p>Vych\u00e1dza 30.9.2022<\/p>\n<p>po\u010det str\u00e1n: 320<\/p>\n<p>Kenna Rowanov\u00e1 si p\u00e4\u0165 rokov odpykala trest vo v\u00e4zen\u00ed za tragick\u00fd omyl. Teraz sa vracia do mesta, kde sa medzit\u00fdm v\u0161etko zvrtlo, a d\u00fafa, \u017ee sa stretne so svojou p\u00e4\u0165ro\u010dnou dc\u00e9rou, ktor\u00fa nikdy ani len nezahliadla. Ukazuje sa v\u0161ak, \u017ee mosty, ktor\u00e9 sa Kenne tou osudovou chybou podarilo sp\u00e1li\u0165, nie je mo\u017en\u00e9 op\u00e4\u0165 vystava\u0165. V\u0161etci v \u017eivote jej dc\u00e9ry s\u00fa odhodlan\u00ed Kennu odstavi\u0165 bez oh\u013eadu na to, ako ve\u013emi sa sna\u017e\u00ed dok\u00e1za\u0165, \u017ee sa m\u00fdlia. Jedin\u00fd \u010dlovek, ktor\u00fd pred \u0148ou \u00faplne nezatvoril dvere, je Ledger Ward, majite\u013e miestneho baru a ve\u013emi d\u00f4le\u017eit\u00fd \u010dl\u00e1nok v \u017eivote malej Diem. Ak by v\u0161ak niekto zistil, ako sa Ledger pomaly st\u00e1va aj d\u00f4le\u017eitou s\u00fa\u010das\u0165ou Kenninho \u017eivota, riskoval by stratu d\u00f4very t\u00fdch, ktor\u00ed s\u00fa pre neho d\u00f4le\u017eit\u00ed. Napriek tlaku si t\u00edto dvaja vytvoria vz\u0165ah, s ktor\u00fdm v\u0161ak rastie aj riziko&#8230;<br \/>\nPodar\u00ed sa Kenne zbavi\u0165 tie\u0148ov minulosti a dosiahnu\u0165 odpustenie?<\/p>\n<div class='qrcode'><img   src='https:\/\/api.qrserver.com\/v1\/create-qr-code\/?size=185x185&ecc=L&qzone=1&data=https%3A%2F%2Fdotlacknih.sk%2Findex.php%2Fprodukt%2Fspomienky-na-neho-colleen-hoover%2F' alt='Spomienky na neho &#8211; Colleen Hoover' \/><\/div>","protected":false},"excerpt":{"rendered":"<p>Vych\u00e1dza 30.9.2022 po\u010det str\u00e1n: 320 Kenna Rowanov\u00e1 si p\u00e4\u0165 rokov odpykala trest vo v\u00e4zen\u00ed za tragick\u00fd omyl. Teraz sa vracia do mesta, kde sa medzit\u00fdm v\u0161etko zvrtlo, a d\u00fafa, \u017ee sa stretne so svojou p\u00e4\u0165ro\u010dnou dc\u00e9rou, ktor\u00fa nikdy ani len nezahliadla. Ukazuje sa v\u0161ak, \u017ee mosty, ktor\u00e9 sa Kenne tou osudovou chybou podarilo sp\u00e1li\u0165, nie je mo\u017en\u00e9 op\u00e4\u0165 vystava\u0165. V\u0161etci v \u017eivote jej dc\u00e9ry s\u00fa odhodlan\u00ed Kennu odstavi\u0165 bez oh\u013eadu na to, ako ve\u013emi sa sna\u017e\u00ed dok\u00e1za\u0165, \u017ee sa m\u00fdlia. Jedin\u00fd \u010dlovek, ktor\u00fd pred \u0148ou \u00faplne nezatvoril dvere, je Ledger Ward, majite\u013e miestneho baru a ve\u013emi d\u00f4le\u017eit\u00fd \u010dl\u00e1nok v \u017eivote malej Diem. Ak by v\u0161ak niekto zistil, ako sa Ledger pomaly st\u00e1va aj d\u00f4le\u017eitou s\u00fa\u010das\u0165ou Kenninho \u017eivota, riskoval by stratu d\u00f4very t\u00fdch, ktor\u00ed s\u00fa pre neho d\u00f4le\u017eit\u00ed. Napriek tlaku si t\u00edto dvaja vytvoria vz\u0165ah, s ktor\u00fdm v\u0161ak rastie aj riziko&#8230; Podar\u00ed sa Kenne zbavi\u0165 tie\u0148ov minulosti a dosiahnu\u0165 odpustenie?<\/p>\n","protected":false},"featured_media":2069,"comment_status":"open","ping_status":"closed","template":"","meta":[],"product_brand":[],"product_cat":[154],"product_tag":[107,108],"class_list":{"0":"post-2067","1":"product","2":"type-product","3":"status-publish","4":"has-post-thumbnail","6":"product_cat-knihy-2","7":"product_tag-colleen-hoover","8":"product_tag-reminders-of-him","9":"product_shipping_class-slovenska-posta","11":"first","12":"outofstock","13":"taxable","14":"shipping-taxable","15":"purchasable","16":"product-type-simple"},"wooqr_code":"1631882149_1339.png","_links":{"self":[{"href":"https:\/\/dotlacknih.sk\/index.php\/wp-json\/wp\/v2\/product\/2067","targetHints":{"allow":["GET"]}}],"collection":[{"href":"https:\/\/dotlacknih.sk\/index.php\/wp-json\/wp\/v2\/product"}],"about":[{"href":"https:\/\/dotlacknih.sk\/index.php\/wp-json\/wp\/v2\/types\/product"}],"replies":[{"embeddable":true,"href":"https:\/\/dotlacknih.sk\/index.php\/wp-json\/wp\/v2\/comments?post=2067"}],"wp:featuredmedia":[{"embeddable":true,"href":"https:\/\/dotlacknih.sk\/index.php\/wp-json\/wp\/v2\/media\/2069"}],"wp:attachment":[{"href":"https:\/\/dotlacknih.sk\/index.php\/wp-json\/wp\/v2\/media?parent=2067"}],"wp:term":[{"taxonomy":"product_brand","embeddable":true,"href":"https:\/\/dotlacknih.sk\/index.php\/wp-json\/wp\/v2\/product_brand?post=2067"},{"taxonomy":"product_cat","embeddable":true,"href":"https:\/\/dotlacknih.sk\/index.php\/wp-json\/wp\/v2\/product_cat?post=2067"},{"taxonomy":"product_tag","embeddable":true,"href":"https:\/\/dotlacknih.sk\/index.php\/wp-json\/wp\/v2\/product_tag?post=2067"}],"curies":[{"name":"wp","href":"https:\/\/api.w.org\/{rel}","templated":true}]}}