{"id":1401,"date":"2021-10-06T09:35:14","date_gmt":"2021-10-06T07:35:14","guid":{"rendered":"https:\/\/dotlacknih.sk\/?post_type=product&#038;p=1401"},"modified":"2026-01-28T14:38:04","modified_gmt":"2026-01-28T13:38:04","slug":"jay-leibold-tajomstvo-nindzu-seria-vyber-si-svoje-dobrodruzstvo","status":"publish","type":"product","link":"https:\/\/dotlacknih.sk\/index.php\/produkt\/jay-leibold-tajomstvo-nindzu-seria-vyber-si-svoje-dobrodruzstvo\/","title":{"rendered":"Jay Leibold &#8211; Tajomstvo nind\u017eu (S\u00e9ria Vyber si svoje dobrodru\u017estvo)"},"content":{"rendered":"<p>Titul: Tajomstvo nind\u017eu<br \/>\nOrigin\u00e1lny n\u00e1zov: The Secret of Ninja<br \/>\nAutor: Jay Leibold<br \/>\nrok vydania: 2021<br \/>\npo\u010det str\u00e1n: 144<br \/>\nISBN:978-80-973971-9-7<br \/>\nv\u00e4zba: paperback<br \/>\ncena: 6,95 eur<\/p>\n<p>Vych\u00e1dza 31.10.2021<\/p>\n<p>Anot\u00e1cia:<\/p>\n<p>Do tvojich r\u00fak sa dost\u00e1va samurajsk\u00fd me\u010d. Ukr\u00fdvaj\u00fa sa v \u0148om \u010dary, ktor\u00e9 s\u00fa star\u00e9 nieko\u013eko storo\u010d\u00ed. Ak za\u010dne\u0161 p\u00e1tra\u0165 v hist\u00f3rii tajomn\u00e9ho me\u010da, pocestuje\u0161 v \u010dase do Kj\u00f3ta v Japonsku a hne\u010f sa ocitne\u0161 v nebezpe\u010denstve.\u00a0 Bez varovania na teba za\u00fato\u010dia piati nind\u017eovia! Pri\u0161li si po samurajsk\u00fd me\u010d alebo po tvoju hlavu? Je na tebe, ako sa bude tvoje p\u00e1tranie vyv\u00edja\u0165 a \u010di cesta, ktor\u00fa si zvol\u00ed\u0161, bude na konci korunovan\u00e1 \u00faspechom.<\/p>\n<div class='qrcode'><img   src='https:\/\/api.qrserver.com\/v1\/create-qr-code\/?size=185x185&ecc=L&qzone=1&data=https%3A%2F%2Fdotlacknih.sk%2Findex.php%2Fprodukt%2Fjay-leibold-tajomstvo-nindzu-seria-vyber-si-svoje-dobrodruzstvo%2F' alt='Jay Leibold &#8211; Tajomstvo nind\u017eu (S\u00e9ria Vyber si svoje dobrodru\u017estvo)' \/><\/div>","protected":false},"excerpt":{"rendered":"<p>Titul: Tajomstvo nind\u017eu Origin\u00e1lny n\u00e1zov: The Secret of Ninja Autor: Jay Leibold rok vydania: 2021 po\u010det str\u00e1n: 144 ISBN:978-80-973971-9-7 v\u00e4zba: paperback cena: 6,95 eur Vych\u00e1dza 31.10.2021 Anot\u00e1cia: Do tvojich r\u00fak sa dost\u00e1va samurajsk\u00fd me\u010d. Ukr\u00fdvaj\u00fa sa v \u0148om \u010dary, ktor\u00e9 s\u00fa star\u00e9 nieko\u013eko storo\u010d\u00ed. Ak za\u010dne\u0161 p\u00e1tra\u0165 v hist\u00f3rii tajomn\u00e9ho me\u010da, pocestuje\u0161 v \u010dase do Kj\u00f3ta v Japonsku a hne\u010f sa ocitne\u0161 v nebezpe\u010denstve.\u00a0 Bez varovania na teba za\u00fato\u010dia piati nind\u017eovia! Pri\u0161li si po samurajsk\u00fd me\u010d alebo po tvoju hlavu? Je na tebe, ako sa bude tvoje p\u00e1tranie vyv\u00edja\u0165 a \u010di cesta, ktor\u00fa si zvol\u00ed\u0161, bude na konci korunovan\u00e1 \u00faspechom.<\/p>\n","protected":false},"featured_media":1402,"comment_status":"open","ping_status":"closed","template":"","meta":[],"product_brand":[],"product_cat":[15],"product_tag":[],"class_list":{"0":"post-1401","1":"product","2":"type-product","3":"status-publish","4":"has-post-thumbnail","6":"product_cat-nezaradene","7":"product_shipping_class-slovenska-posta","9":"first","10":"instock","11":"taxable","12":"shipping-taxable","13":"purchasable","14":"product-type-simple"},"wooqr_code":"1633505438_1401.png","_links":{"self":[{"href":"https:\/\/dotlacknih.sk\/index.php\/wp-json\/wp\/v2\/product\/1401","targetHints":{"allow":["GET"]}}],"collection":[{"href":"https:\/\/dotlacknih.sk\/index.php\/wp-json\/wp\/v2\/product"}],"about":[{"href":"https:\/\/dotlacknih.sk\/index.php\/wp-json\/wp\/v2\/types\/product"}],"replies":[{"embeddable":true,"href":"https:\/\/dotlacknih.sk\/index.php\/wp-json\/wp\/v2\/comments?post=1401"}],"wp:featuredmedia":[{"embeddable":true,"href":"https:\/\/dotlacknih.sk\/index.php\/wp-json\/wp\/v2\/media\/1402"}],"wp:attachment":[{"href":"https:\/\/dotlacknih.sk\/index.php\/wp-json\/wp\/v2\/media?parent=1401"}],"wp:term":[{"taxonomy":"product_brand","embeddable":true,"href":"https:\/\/dotlacknih.sk\/index.php\/wp-json\/wp\/v2\/product_brand?post=1401"},{"taxonomy":"product_cat","embeddable":true,"href":"https:\/\/dotlacknih.sk\/index.php\/wp-json\/wp\/v2\/product_cat?post=1401"},{"taxonomy":"product_tag","embeddable":true,"href":"https:\/\/dotlacknih.sk\/index.php\/wp-json\/wp\/v2\/product_tag?post=1401"}],"curies":[{"name":"wp","href":"https:\/\/api.w.org\/{rel}","templated":true}]}}